e
Does 26 divide 2332434?
True
Does 66 divide 1069875?
False
Is 15 a factor of 116090?
False
Is 99 a factor of 85833?
True
Is 47 a factor of 2884294?
False
Is 144563 a multiple of 50?
False
Is 3418780 a multiple of 13?
False
Does 4 divide 85045?
False
Is 15262800 a multiple of 69?
True
Is 20 a factor of 71317?
False
Is 104810 a multiple of 235?
True
Is 7 a factor of 1600004?
True
Is 39 a factor of 6184299?
False
Is 32115 a multiple of 15?
True
Is 12 a factor of 2104676?
False
Is 15 a factor of 97749?
False
Is 1713342 a multiple of 4?
False
Does 303 divide 7049901?
True
Is 301 a factor of 3793604?
False
Is 51 a factor of 1128528?
True
Does 8 divide 360080?
True
Does 126 divide 1799538?
False
Is 192 a factor of 195264?
True
Is 12 a factor of 212376?
True
Is 138 a factor of 21561?
False
Does 10 divide 36160?
True
Is 32 a factor of 322240?
True
Does 12 divide 147452?
False
Is 2386175 a multiple of 25?
True
Is 1048641 a multiple of 20?
False
Does 9 divide 4417?
False
Does 12 divide 16355653?
False
Does 54 divide 8482123?
False
Does 150 divide 150?
True
Does 46 divide 323518?
True
Is 642 a factor of 4976333?
False
Is 18202363 a multiple of 2126?
False
Is 26 a factor of 240656?
True
Does 5 divide 1903504?
False
Does 56 divide 2551846?
False
Is 6 a factor of 39870?
True
Is 365403 a multiple of 19?
False
Is 673 a multiple of 100?
False
Is 180992 a multiple of 7?
True
Does 4 divide 94743?
False
Is 2005 a factor of 19614359?
False
Does 40 divide 4003170?
False
Is 370 a factor of 217560?
True
Is 395 a factor of 2007925?
False
Does 28 divide 1187620?
True
Is 118 a factor of 2926247?
False
Does 50 divide 143600?
True
Is 57903 a multiple of 613?
False
Does 25 divide 60950?
True
Is 292445 a multiple of 13?
False
Is 13 a factor of 1311298?
False
Is 916 a factor of 468992?
True
Is 168 a factor of 282223?
False
Is 21 a factor of 415317?
True
Is 767 a factor of 10911805?
False
Does 21 divide 548811?
False
Is 130977 a multiple of 63?
True
Does 8 divide 64956?
False
Does 44 divide 18304?
True
Does 5 divide 589322?
False
Does 87 divide 5606169?
False
Is 327440 a multiple of 80?
True
Does 133 divide 651035?
True
Is 3076773 a multiple of 8?
False
Is 152000 a multiple of 100?
True
Is 203 a factor of 69692?
False
Is 786930 a multiple of 255?
True
Does 27 divide 454656?
False
Does 553 divide 1985270?
True
Is 49 a factor of 70805?
True
Is 5267632 a multiple of 40?
False
Is 205180 a multiple of 20?
True
Is 5703312 a multiple of 1432?
False
Does 18 divide 161532?
True
Is 46 a factor of 121421?
False
Is 7 a factor of 346327?
False
Is 564 a factor of 1479936?
True
Does 156 divide 90012?
True
Is 55 a factor of 935968?
False
Is 23653 a multiple of 17?
False
Is 5371380 a multiple of 406?
True
Does 63 divide 360234?
True
Does 7 divide 210897?
False
Does 13 divide 144430?
True
Is 145604 a multiple of 33?
False
Is 5791584 a multiple of 6?
True
Does 13 divide 522054?
True
Is 155 a factor of 566434?
False
Does 97 divide 1379754?
False
Is 178 a factor of 108224?
True
Is 219446 a multiple of 36?
False
Is 1229358 a multiple of 262?
False
Does 10 divide 2330?
True
Is 61 a factor of 394343?
False
Does 13 divide 202569?
False
Does 22 divide 3612291?
False
Does 188 divide 4069260?
True
Is 113 a factor of 120301?
False
Is 66 a factor of 52206?
True
Is 82 a factor of 171544?
True
Does 13 divide 765193?
True
Does 117 divide 1356501?
False
Is 218889 a multiple of 11?
True
Is 1191259 a multiple of 9?
False
Does 1750 divide 3826403?
False
Is 3 a factor of 14015?
False
Is 33 a factor of 976272?
True
Is 7 a factor of 23394?
True
Is 324704 a multiple of 4?
True
Is 35 a factor of 5426680?
True
Is 456474 a multiple of 29?
False
Is 58971 a multiple of 144?
False
Does 10 divide 9330?
True
Does 8 divide 1107856?
True
Does 13 divide 23551?
False
Is 25 a factor of 12125?
True
Is 1021983 a multiple of 178?
False
Is 196118 a multiple of 76?
False
Is 1059827 a multiple of 83?
True
Is 11 a factor of 5432?
False
Is 104719 a multiple of 9?
False
Is 640937 a multiple of 427?
False
Does 65 divide 1760515?
False
Is 88 a factor of 45364?
False
Is 546 a factor of 842?
False
Does 253 divide 54661?
False
Does 348 divide 521304?
True
Is 356970 a multiple of 163?
True
Is 19211 a multiple of 7?
False
Is 72 a factor of 541296?
True
Is 67243 a multiple of 7?
False
Is 48 a factor of 42294?
False
Is 207 a factor of 431595?
True
Does 17 divide 7970277?
False
Is 248421 a multiple of 78?
False
Is 2148912 a multiple of 36?
True
Does 70 divide 1709120?
True
Is 7 a factor of 275177?
True
Does 71 divide 122688?
True
Is 5 a factor of 175404?
False
Is 109042 a multiple of 20?
False
Is 1402241 a multiple of 41?
True
Is 1116 a factor of 27889956?
True
Is 290 a factor of 161240?
True
Is 188 a factor of 5439592?
True
Does 50 divide 5920650?
True
Is 144247 a multiple of 130?
False
Is 6033 a multiple of 3?
True
Is 15052 a multiple of 142?
True
Is 53561 a multiple of 35?
False
Is 4607 a multiple of 17?
True
Is 124 a factor of 6306516?
True
Does 259 divide 982201?
False
Is 27 a factor of 108081?
True
Does 296 divide 2174414?
False
Is 20351520 a multiple of 63?
True
Does 314 divide 12435779?
False
Does 47 divide 8060?
False
Does 74 divide 80965?
False
Is 30 a factor of 425970?
True
Is 102039 a multiple of 129?
True
Is 7004 a multiple of 4?
True
Is 170170 a multiple of 70?
True
Is 2007434 a multiple of 165?
False
Does 24 divide 48168?
True
Is 9811620 a multiple of 113?
False
Is 148 a factor of 2618712?
True
Is 353967 a multiple of 237?
False
Is 30 a factor of 586745?
False
Is 11049757 a multiple of 41?
False
Is 215016 a multiple of 248?
True
Does 288 divide 142904?
False
Is 2072610 a multiple of 18?
True
Does 121 divide 244299?
True
Does 175 divide 32375?
True
Is 58 a factor of 717170?
True
Does 30 divide 226573?
False
Is 1065284 a multiple of 341?
True
Is 34 a factor of 69484?
False
Is 39725 a multiple of 19?
False
Is 620347 a multiple of 101?
False
Does 6 divide 42864?
True
Does 470 divide 425574?
False
Does 81 divide 288854?
False
Is 515 a factor of 141110?
True
Is 11 a factor of 319724?
False
Does 814 divide 4594216?
True
Is 4 a factor of 86488?
True
Is 11408144 a multiple of 38?
False
Is 526799 a multiple of 14?
False
Is 2734463 a multiple of 187?
False
Is 171971 a multiple of 71?
False
Does 3 divide 323390?
False
Does 14 divide 698203?
False
Is 3500 a multiple of 3?
False
Is 1576344 a multiple of 193?
False
Is 43 a factor of 561000?
False
Is 2271447 a multiple of 73?
False
Is 7 a factor of 74655?
True
Does 43 divide 499414?
False
Is 3335329 a multiple of 180?
False
Does 132 divide 46596?
True
Does 5 divide 50300?
True
Is 380358 a multiple of 51?
True
Is 26 a factor of 2414906?
True
Is 14 a factor of 110992?
True
Does 173 divide 314300?
False
Does 715 divide 1663831?
False
Does 373 divide 496966?
False
Is 234 a factor of 337662?
True
Does 16 divide 5371280?
True
Is 905840 a multiple of 10?
True
Is 1301600 a multiple of 4?
True
Is 2650 a multiple of 50?
True
Is 45 a factor of 20924042?
False
Does 8 divide 1030426?
False
Is 147392 a multiple of 224?
True
Is 29492229 a multiple of 17?
True
Is 1300821 a multiple of 175?
False
Is 31 a factor of 151812?
False
Does 32 divide 2913024?
True
Is 2811240 a multiple of 1644?
True
Is 3174460 a multiple of 257?
False
Is 52734 a multiple of 33?
True
Is 917670 a multiple of 13?
True
Is 2127520 a multiple of 32?
True
Is 106 a factor of 914763?
False
Does 51 divide 8583606?
True
Does 4 divide 84804?
True
Is 7 a factor of 313404?
True
Is 3 a factor of 40925?
False
Is 69338 a multiple of 4?
False
Does 19 divide 7042?
False
Is 449800 a multiple of 104?
True
Is 40049 a multiple of 29?
True
Is 585481 a multiple of 90?
False
Is 22 a factor of 2468312?
True
Does 347 divide 55173?
True
Is 11305676 a multiple of 337?
True
Does 718 divide 2185538?
False
Is 398941 a multiple of 594?
False
Is 50 a factor of 2643892?
False
Is 10 a factor of 248710?
True
Is 460 a factor of 190900?
True
Is 133117 a multiple of 14?
False
Is 133 a factor of 192156?
False
Is 8685657 a multiple of 447?
True
Is 4 a factor of 37327?
False
Is 4723334 a multiple of 633?
False
Is 12 a factor of 186072?
True
Does 269 divide 220042?
True
Is 5 a factor of 366895?
True
Is 34491 a multiple of 7?
False
Is 26892 a multiple of 4?
True
Is 24 a factor o